5 - (78 + -8 - (-78 + 69))
-66
Calculate -32 + -17 + -73 + 102.
-20
What is the value of 74 - (-1 + -1 + -3 - (-9 - (-15 + 13)))?
72
Calculate -2 + 0 + (32 - 67 - (7 + -21)).
-23
What is the value of (-11 - -2) + (106 - (-30 + 36 - -21))?
70
Calculate 4 - (-16 - ((6 - (-5 - 0)) + 108)).
139
(-3 - 46) + 51 + -42 + (-3 - -13)
-30
Evaluate -19 - (55 - (14 - 9 - -5 - 3)).
-67
Calculate (-6 - 12) + (35 - (-8 + 30)) + (1 - 20).
-24
(-46 + -45 - -146) + (3 + -7 - -21)
72
Evaluate -50 - (-26 + -234 + 151).
59
Evaluate -167 + (159 - 30) - (0 - 60).
22
-31 + 4 + -151 - -87
-91
-15 - (-80 + 174 - 114)
5
Evaluate -30 + 0 + 2 - (0 - (-13 - -1)).
-40
Calculate (71 - 105) + (5 - -1) + (-15 - -11 - 13).
-45
Calculate 1 - (-1 - 3 - 41) - (173 - 154 - 12).
39
(93 + -80 - -21) + -44
-10
Calculate -6 - 3 - (-17 + -5) - 16.
-3
What is -41 - ((-2 - 22) + (-106 - -85))?
4
What is (24 - 41) + 16 + 16 + -16?
-1
0 + -3 + (26 - (21 - 16)) + -44
-26
-11 - ((36 - 14) + 10 + -13)
-30
Calculate -1 + 0 + -68 - (3 - (-49 - (-80 - -23))).
-64
What is -21 - (-203 + 179 + 2 + 7)?
-6
-2 - (6 - ((-9 - (-28 - (13 + -24))) + 13))
13
What is the value of -11 + (-17 + 1 + 2 - (160 - 253))?
68
-9 + 4 + (-73 + 50 - (-1 + 1 - 3))
-25
What is the value of -68 + 65 + 38 + -47?
-12
Calculate (-6 - 2 - 3) + (65 - 56).
-2
What is the value of 39 - (50 + -30) - 4 - 34?
-19
Calculate 8 + (5 - 51) + (22 - 7 - 6).
-29
Evaluate 16 - (108 - -20 - 57).
-55
Calculate -9 + (0 + -46 + -13 - (4 + -3)).
-69
(-52 - -8) + 0 - (57 + -71)
-30
Evaluate 65 - (1 + 8 + 6 + -13 - -12).
51
What is the value of 20 + (6 - (-30 - -25 - 0))?
31
What is -9 + (25 - 41 - -22) - -53?
50
Evaluate 5 - 8 - ((151 - 154) + -1 + -7) - 68.
-60
What is (-80 - -361) + -72 + -117?
92
Evaluate -27 + -55 - -121 - (2 + 107).
-70
Evaluate (1 - -2) + 47 + -35 + 17.
32
What is the value of 0 + 2 + 1 - (-152 + 99 - -42)?
14
Evaluate 70 - 1 - (-2716 + 2761).
24
What is the value of (2 - (-13 + -2 + 15)) + 0 + (0 - 2)?
0
Evaluate (12 - 3) + 16 - (201 - 98).
-78
-121 + 154 - ((10 - -30) + -9)
2
-1125 - -971 - (-1 + -86)
-67
What is the value of -4 - (-14 - -5) - (-3 - (12 + -40))?
-20
Evaluate (-4 - -13) + -4 + -10 + -3 + -68 + 0.
-76
What is (2 - (4 - -9)) + (-33 - (-13 - -48)) - -12?
-67
What is the value of 0 - 0 - (112 + -99) - -21?
8
What is 47 - (-27 - -50) - (-20 + -2)?
46
Evaluate -33 + (9 - 3) - (590 - 670).
53
-128 + 66 + 3 - -54
-5
What is (1 - 13) + (-91 - (-5 + (20 - (1 - -7))))?
-110
What is the value of -28 + -28 + ((-2 - -3) + -3 - -13) + -4?
-49
What is the value of (8 - 12 - 60) + -5 + 45 + -45?
-69
3 - (-93 - (-53 - 2))
41
What is 75 + -19 + -72 + 53?
37
What is the value of -14 - (0 + -5) - (48 - 40)?
-17
Calculate -3 + (-11 - 6) - 17.
-37
(-2 - (9 + (5 - 20))) + -7 + -29
-32
What is -63 - (0 - (38 + -8))?
-33
What is the value of (10313 - 10310) + (-3 + 0 - -66 - 0)?
66
What is -1 + -20 + 45 + -6 + -8 + 2 + -46?
-34
Calculate (-10 - 5) + 4 + -1 + (85 - 10).
63
(112 + -77 - (9 + 14)) + -110 + 2
-96
What is the value of 737 - 745 - (-2 - (2 + 4)) - (-17 + -6)?
23
Evaluate (4 - (1 + 1) - -3) + -2 + 405 + -367.
41
What is 83 + (6 - (-2 - (0 + -4)))?
87
Calculate 1 + 15 + -2 - 58.
-44
What is -22 + 2 + (6 - -17) + -13 + 68?
58
What is (-23 - (11 - 22)) + (2 - -4 - -122 - -1)?
117
What is the value of (118 - -1 - (-113 + 114)) + 18?
136
What is -12 - (-13 - -4) - (12 + -1 - -1)?
-15
-103 - (53 - (81 - -6))
-69
Evaluate (-21 - -25) + 24 - 15 - 71.
-58
Calculate -1 - (-50 + -1) - (2 - 12 - (854 + -867)).
47
What is the value of -10 + 46 + -2 + -27?
7
What is the value of 29 - (28 - (33 + 2))?
36
Evaluate 8 + (-29 - -71) + -29.
21
Calculate 0 + -9 - (-29 - (0 - 12)).
8
Evaluate -108 - -104 - ((16 - 13) + 14 + -1).
-20
What is 4 - (6 - -6) - (6 - 17 - -161 - 14)?
-144
Calculate 1 - (3 - 7) - (-8 - (10 + -2)).
21
What is the value of -13 + 65 + 18 + -3?
67
Evaluate 390 + -413 - (-1 - 102 - 2).
82
What is the value of (22 - 18) + 4 - (4 + -5 + 1)?
8
What is -24 + 1 + -8 + 28 + 34?
31
What is -33 - ((11 + -2 - (53 + -44)) + 14)?
-47
What is the value of -4007 + 3987 + (0 - -17) + 1 + 54?
52
-20 - (-7 + -24 + 0 - -21)
-10
What is the value of -3 + -67 + -29 - (-45 + 22)?
-76
What is the value of 82 + (-28 - (-36 - (-3 + -3)))?
84
What is -93 - (-7 + (-16 - (-23 + 4 + 13)))?
-76
70 - (-5 + 31 - -60)
-16
What is 6 + -11 + -2 + -4 + 1 + (-9 - 28)?
-47
3 + (6 - 7) + (-50 - (-18 - 20))
-10
What is the value of (-5 - (-17 - (-5 + 0 + 2))) + (-182 - -182)?
9
What is -41 + -2 + 138 + -179?
-84
What is the value of -69 + (750 - 780 - (-31 - 0))?
-68
Evaluate 427 + (-377 - 15) + (0 - (0 - 15)).
50
Calculate -12 - (-3 + 7 + (-24 - 16) + 0).
24
Calculate -454 - -459 - (0 + -2) - 51.
-44
Calculate (11 - (9 - -1)) + 0 - (5 - (-16 + 22)).
2
24 + 0 - (257 - 106 - 158)
31
What is (-25 - -28) + (1 - -7) - (7 + 14 + 18)?
-28
What is the value of -21 - -26 - -37 - (-21 + 25)?
38
Evaluate (-69 + 54 - 56) + 103.
32
What is (6 - 9) + 3 + 4 - 63?
-59
What is -22 + 33 + -3 - (9 - 0) - (-2 + -93)?
94
What is the value of -86 + (137 - 99) + 65?
17
What is 89 - 26 - -16 - 6 - 14?
59
What is -104 + 28 - (95 - 146)?
-25
What is the value of 87 - (78 + -108) - 62?
55
Calculate -3 + 12 - (33 - (-50 - -42)).
-32
-23 + 7 - (9 + -106) - -4
85
Calculate 8 + (5 - (3 - (4 + -6 + -1)) - 3).
4
5 + -2 + (188 - 165 - (-13 + (-1 - 2)))
42
Calculate (-100 - (-106 - -52)) + 14.
-32
Evaluate (0 - -4 - (804 - 798)) + -1 + -1 + -84.
-88
Evaluate ((-8 - -7) + 17 - (34 - 22)) + -45.
-41
What is the value of (4 - (-2 - -2)) + (-3633 - -3617)?
-12
What is the value of (13 - 9) + (1 - 7) + (68 - (-19 - 10))?
95
-1 + -54 - (-2239 - -2152)
32
What is -134 + 57 + 40 + (-29 - -2)?
-64
(-19 - 18 - -18 - -8) + 37
26
What is 162 - (382 + -213) - (-2 - -1 - 9)?
3
Calculate -508 + 541 - (54 - 1).
-20
What is the value of (12 - (-8 - -9 - -17)) + 8 + (-1 - 1)?
0
-122 + 131 - (-1 + 5 + (-1 - -6 - 17))
17
-19 + (4 + 12 - 1) - -29
25
Evaluate 7 - ((-6 + 2 - -5) + (49 - -13) + 17).
-73
What is 39 - 83 - (-6 + -75)?
37
Evaluate (-4 - -8) + 10 + (9 - (1 - 9)).
31
Calculate 11 - 7 - ((5 - 1) + (151 - 153)).
2
Evaluate (12 - 0) + (118 - 121) + 9.
18
What is the value of 25 + 58 - -16 - 105?
-6
(42 - -28 - 25) + (-6 + 11 - 20)
30
Evaluate -53 + 60 - (-2 - (-16 + -2)) - 97.
-106
-58 + (42 - 41) - -12
-45
What is the value of 126 + -226 + 178 + 13?
91
What is 2 - (-85 - -3) - (-166 + 188 + 4 + -12)?
70
What is 55 + 136 + -197 + 2 + -23?
-27
Evaluate (-96 + 25 - -43) + -2.
-30
Calculate -28 + 92 + 46 + -79 + -7.
24
Calculate 15 - (-2 - -10) - 40 - 9.
-42
Calculate (-51 - (121 + -104)) + 129.
61
Calculate -17 + (46 - 23) + -17.
-11
Evaluate (0 + -1 - -3) + -42 + 39 - (61 + -95).
33
What is the value of 56 + 19 + -28 + (-3 - -7)?
51
What is -15 + -54 - (0 + 15 + -21 - -27)?
-90
-27 - 13 - -6 - -10
-24
Evaluate -11 + 5 + -6 + -7.
-19
Evaluate 1 + 4 - (31 + -53 + 28) - 18.
-19
21 - ((46 - 26) + 33 + -11)
-21
(123 - 89) + (0 - 16) - (-3 + 41)
-20
20 + -3 + 92 - (10 - (-1 + -8 - -7))
97
Calculate -8 + 22 + (27 - 7) + -12.
22
(62 - 5) + -58 + -1 + 10
8
Calculate (1 + -32 + 3 - -21) + 1 + -51.
-57
Calculate (0 - (1 + 80)) + 3 + -4 + -44 + 45.
-81
What is the value of 5 + -25 - -24 - 13 - 11 - -114?
94
What is -2 + -65 + (15 + -29 + 11 + 8 - -7)?
-55
Evaluate -3 + (1 - -3) - (47 + -75 + 91) - -11.
-51
Calculate (-28 - -26) + 24 + -4.
18
(14 - ((-2 - (25 - 13)) + 9)) + 2
21
-16 + (-7 - (-6 - -19 - 27) - 9)
-18
What is (45 - 1) + (-307 - -303) - 113?
-73
What is the value of 20 + -1 + (-12 - 5)?
2
What is the value of (46 - ((-9 - -5) + 16)) + 1 + 0?
35
What is the value of -71 + (117 + -84 - -69)?
31
42 - 24 - (5 - -23)
-10
Calculate -7 + 7 + -14 + (8 - 5) - -27.
16
What is the value of 57 - (46 + 28 + -36)?
19
-33 + 38 + (-63 - -30)
-28
(-96 - (53 - 105)) + (-10 + 14 - (6 + -1))
-45
What is (4 - (1 + 1 - (-35 - -5 - -18))) + -43?
-53
Calculate (0 - -1 - 5) + -314 + (-181 - -431).
-68
-3 + 17 + 2 - (3151 + -3160)
25
What is the value of 25 - (-55 - -106) - (67 - 0)?
-93
What is 27 + -14 + -10 + -10 + -71 + (3 - 2)?
-77
What is the value of 109 + (-193 - 11) + 127?
32
What is -4 + -74 + -32 + (2 + -5 - -4) - -10?
-99
-25 - -3 - 10 - 8 - (1 - 13)
-28
Evaluate 52 + -50 - (-3 + 6 + 2 - (72 + 1)).
70
-48 + (94 - (36 -